+ -1 + -276 + 291.
3
(3 - (1 + 5)) + -1 + -2 + 3
-3
(-39 + 47 - -2) + (0 + 9 - -1)
20
Evaluate -2 + (-2 - -11) - (-20 + 22).
5
What is -29 + (-17 + (-18 - -17) - -16)?
-31
What is (3 + -5 - -4) + (-54 - -61)?
9
What is the value of (0 - 7) + -463 + 475?
5
Evaluate (-35 - 0) + -342 + 357.
-20
Calculate 11 + (1 - (6 + 13 + -8)).
1
Calculate -43 - (6 + -97 + 21).
27
Calculate 10 + (10 - 18 - 2).
0
What is 19 + (9 - -2) + 6 + -33?
3
20 - (-5 - (-2 - (19 - (3 - -7))))
14
(-81 + -5 - -39) + 15
-32
What is the value of -4 - (11 - 15 - -9)?
-9
What is the value of (-1 - -2 - -5) + 6 + -33?
-21
What is the value of -13 + 15 - (0 + 1 + -3) - 10?
-6
Evaluate -66 + 88 + -16 + 15.
21
Evaluate -11 + (10 - (12 + -13)).
0
-10 - (-14 - -13 - 5)
-4
What is 2 + 7 - 19 - -7 - (9 + 0)?
-12
What is 11 - (-8 + 16 - 4 - 1)?
8
What is the value of -2 + 1 + -5 - (2 - -5)?
-13
Evaluate -2 + 9 - (-23 - (-26 + 12)).
16
-9 + (6 - (-4 - -14) - -11)
-2
Calculate (11 - 1) + (-54 - -36).
-8
Evaluate -6 + 3 - (-3 + 7 + -7).
0
What is the value of -15 + 24 + (-14 - 10)?
-15
Evaluate (-3 - -1 - (33 - 14 - 6)) + 2.
-13
-178 + 161 - (-3 - 1)
-13
Calculate (-8 - 3) + -199 + 185.
-25
Calculate 16 + 4 + 0 + -1 + (-12 - -6).
13
-13 + (13 - 14) + 2
-12
14 + (15 - 8) + -6 + -3
12
15 + (-2 - (5 - 5)) + -9
4
Calculate -59 - -25 - (13 + -5 + -18).
-24
What is the value of (16 + -7 - 18) + 5 - 5?
-9
-17 + (-10 - (-17 - -3))
-13
What is (-5 - (-6 + 2)) + 0 - (5 + -1)?
-5
7 - (-6 - (12 - 17))
8
13 + -20 - ((1 - -1) + -1)
-8
(0 - 7 - -21) + 3 + -1 + 4
20
What is -1 + -3 + 2 - (6 + (1 - 1))?
-8
What is the value of -3 - -4 - 3 - -10?
8
What is -9 - (11 + -2) - (0 + (-6 - 5))?
-7
Calculate 14 - 0 - ((-3 - 20) + 27).
10
3 + (-73 + 57 - (6 - -2))
-21
4 - -14 - -32 - 29
21
What is the value of -2 + (14 + -29 - -12) + (-20 - -1)?
-24
What is 11 - (23 + (-5 - 8)) - (2 + -6)?
5
What is (1 - 2) + -12 - (717 + -714)?
-16
What is 6 - ((-24 - (-19 + 7)) + 30)?
-12
Evaluate 0 + (-4 - 6) + 20 - (-3 - 6).
19
Calculate 12 + (-26 - -8) + -4 + -5.
-15
Evaluate 7 + (4 - ((3 - -14) + -7) - 14).
-13
What is the value of (11 - (1 - -5) - (9 + 2)) + 14?
8
Evaluate (14 - 1) + -4 - (-8 - -1).
16
What is 5 - 20 - (-1 - 8)?
-6
-2 + 3 - ((-4 + -3 - 0) + 5)
3
What is (-9 - -8) + (-69 - -62)?
-8
-6 + 5 + (5 - (26 - 7))
-15
What is the value of 22 + (6 - 5) + -18?
5
Calculate (-8 - -8) + 4 + 1 - 3.
2
Evaluate (4 - -6) + (-27 - -22).
5
What is 6 - (-11 + 2 + 4) - -1?
12
What is the value of (-5 - -12) + -9 + 4?
2
Calculate 18 - (46 + -18 - 16).
6
Evaluate 4 - 0 - 4 - (17 - 26).
9
What is 12 - 8 - (0 - (5 + 2 + -2))?
9
What is the value of 21 + -10 + 5 + -24?
-8
What is the value of 0 + 13 - (9 + 1) - -3?
6
Evaluate (9 - (13 - 26) - 9) + -27.
-14
13 + (-18 - -1) - 1
-5
What is 19 - -4 - (-22 - -34) - -3?
14
9 - (18 + -7) - (-18 + 36)
-20
What is the value of 5 - 20 - (-15 - (11 + -14))?
-3
What is the value of (33 - (-11 - -31)) + -40?
-27
Evaluate 46 - (47 + 26 + -46).
19
Evaluate 16 + ((31 - 8) + -11 - 19).
9
What is -15 - (-5 + (-6 - (4 - 8)))?
-8
What is the value of 4 + 2 + 2 + (4 - (-6 + 5))?
13
What is -3 - (17 - (-23 + 38))?
-5
Evaluate 7 + (19 + 20 - 15).
31
What is (2 - ((-6 - 2) + -12)) + 4 + -10?
16
What is 14 + (13 - (-11 + 36)) + 1?
3
Evaluate ((-5 - -33) + 2 - (1 + 6)) + 0.
23
What is the value of -1 - (7 + -2 + (-14 - (-8 - 2)))?
-2
0 - 4 - ((8 - 4) + -19 + -2)
13
What is 7 + 1 + -7 - (3 - (-1 - -2))?
-1
4 - (4 + -2) - (25 - (16 - -13))
6
What is the value of (-2 + 0 - -28) + (-13 - (-19 - -13))?
19
What is (-3 + 20 - 1) + 16 + -22 + 11?
21
Calculate -6 + (-5 + 3 - -6) - -9 - 9.
-2
What is the value of -5 + (-7 - -19 - 7) + -8 - 1?
-9
What is the value of 16 - 1 - (-18 + 0 - -23)?
10
What is (-1 - 2) + (-8 - 25 - -55)?
19
What is 7 + -2 - (56 + -61)?
10
What is the value of 0 - 5 - (18 + -7)?
-16
Evaluate 9 - (9 + -24 + 19 + (-1 - -2)).
4
Calculate 46 + -2 + 5 + -18.
31
-28 + 37 - (-14 - (-4 + 8 - 1))
26
Calculate -3 + (1 + 1 - (-5 - (14 - 17))).
1
What is the value of 1 + -7 + (9 - (-11 - -15 - -9))?
-10
What is the value of 12 + (-11 - 2) + 19?
18
(11 - 16 - 8) + -5
-18
Calculate -8 + -1 + 35 + 7 - 8.
25
What is -49 + 67 - 59 - (0 - 13)?
-28
Calculate -70 + 60 + 0 + 0 + 6 + 3.
-1
What is the value of -36 - (-8 - 28) - (-1 + 3)?
-2
What is 23 + -9 + -4 + 8 + -9?
9
What is the value of (-3 - -10) + 16 + 8 + -17?
14
Calculate -10 - 0 - (219 - 226).
-3
Calculate 14 + -1 + -2 - 18 - (-9 + -1).
3
What is 185 - 189 - ((-2 - (-5 - -1)) + -8)?
2
Calculate -1 + -1 + -112 + 96 + (-3 - 2).
-23
(5 - -29) + (37 - 93)
-22
30 - (-35 - -73 - -2)
-10
Evaluate (-3 - -38 - 1) + (-2 + -7 - 0).
25
13 + 11 + -39 + 5
-10
What is the value of (11 - (-7 + 12)) + -15 + 3 + 1?
-5
Calculate -9 - ((-3 - 4) + -2 + 10).
-10
Evaluate -1 - ((50 - 52) + (5 - -1)).
-5
What is -6 - 16 - (84 + -99)?
-7
What is the value of (3 - (8 + -1 + -15 + 5)) + -4?
2
What is (-22 + 35 - 22) + -5?
-14
What is the value of 7 + 16 + -17 - (-8 - 0)?
14
7 + -8 + (-6 - 3)
-10
-2 + (1 + 9 - -8) + -7
9
Evaluate (0 - 3) + -1 + (-6 + 4 - 5).
-11
Evaluate (8 - (7 + -16 - -24)) + 2.
-5
What is the value of (7 - 11) + (-3 - (-5 - -5 - 2))?
-5
What is the value of -26 - (17 + -18 + -14)?
-11
Evaluate (-195 - -184 - (-29 + -1)) + (0 - -2).
21
Calculate -9 - (38 + -19 - 12).
-16
What is -13 + 36 + -22 - (6 - 0) - 9?
-14
What is -18 + (3 - 2) - (-363 - -360)?
-14
-10 + 1 + 1 - (445 - 438)
-15
What is 82 - 71 - (11 + -1)?
1
4 + (-13 - 0) + (-5 - 2)
-16
-146 - -119 - (3 - 2) - -12
-16
Evaluate -48 - -33 - (-6 - 0 - (-26 + 21)).
-14
Calculate -853 + 853 - (-2 - (-1 - 0) - -9).
-8
Calculate 0 + 10 + (-20 - (-9 + -5)) + -4.
0
Calculate (-8 - (18 + -1)) + 39.
14
Calculate -1 - -5 - (10 + (2 - (6 - -1))).
-1
What is 37 + -3 - (21 + -20 + 14)?
19
20 + (-32 - 8 - -48)
28
What is (-249 - -251) + (-15 - (1 - 1))?
-13
What is the value of 2 - 5 - (-1 - -8)?
-10
What is (-1 - -8) + 0 + (-2 - 3) + -7?
-5
12 + -18 + 0 + -6 + 21
9
What is 0 + (-3 - 7 - -8) + 7?
5
(22 - 53 - -45) + (-1 - -8)
21
What is the value of (19 - (68 - 37)) + -1 + -13?
-26
Evaluate -2 + (67 - 70 - (1 - 7)) - 2.
-1
What is the value of 5 - (1 - ((1 - 6) + 3))?
2
Evaluate (-6 - -3 - -1) + 18 + (72 - 77).
11
What is 1 - 25 - -24 - (-2 + 9 + 1)?
-8
Calculate (-4 - (5 + -1)) + (28 - 8).
12
Evaluate 35 - 39 - (0 - 4 - 5).
5
What is the value of 1 + 24 - (13 + 6)?
6
16 + -3 + 4 - 28
-11
94 + -22 - 36 - 73
-37
Calculate (3 - 14) + -7 + 6 + 8 + 1.
-3
What is 2 + 10 + -8 - (-4 - 0) - 14?
-6
What is the value of 31 - (39 + -15) - 17?
-10
Evaluate 47 + -38 + 40 + -56.
-7
What is -3 + (-13 - (-33 + 9))?
8
Evaluate 20 + -25 + 7 + (1 + -2 - 0).
1
Evaluate -1 + -10 + (13 - (8 + -9 + 8)).
-5
Calculate -3 + -1 + 25 + 11 + -19 + -8.
5
7 + (-1 - -19) + (-4 - (27 + -24))
18
Calculate (13 - 17) + 0 - (-3 - 4).
3
What is 180 + -191 - (-1 + 1 - (1 + -6))?
-16
What is the value of 5 + (5 + -2 - ((7 - 11) + 27))?
-15
What is the value of -31 - ((11 - 8) + -9 + -5 - -4)?
-24
What is the value of (-14 - -4) + (1 + 4 + 0 - 4)?
-9
-8 + -6 + 2 + 5 + 8
1
Calculate 23 - (-14 + 13 - -10).
14
What is (3 - -6) + (33 - (-12 - (-10 + -5)))?
39
What is the value of -3 + -7 - (172 + -204)?
22
What is -6 - (21 + 2 + -15 + 9 + -2)?
-21
-6 + 6 + (5 - 1) + -27 + 29
6
Evaluate -24 + (-5 - (-54 - -22)).
3
What is 35 + -9 - 84 - -39?
-19
What is -3 - (-2 - (1 + (6 - 3) + -3))?
0
Calculate (2 - (17 + 2 - 19)) + -9.
-7
-24 + (15 - 29) + 28
-10
-2 + (1 + -7 - (-9 - -8)) + -3
-10
What is -86 + 69 - (-2 + -23)?
8
Evaluate 3 + 5 - (-12 + (13 - 1)).
8
What is the value of 2 - ((10 + -2 - (13 + -6)) + 2)?
-1
Calculate (1 + 7 - (13 + -14)) + 1.
10
What is the value of -29 + -1 + -91 + 100?
-21
Calculate -5 + 23 + (-2 - 7).
9
What is the value of (-283 - -330) + (0 - 28)?
19
Evaluate 8 + (14 + 20 + -60 - (2 + 7)).
-27
What is the value of 56 + -5 + -33 + -35?
-17
8 - (0 + -16 + 9 + 10)
5
What is the value of -11 + 12 + (-8 - -3) + (5 - 2)?
-1
(-3 - (-8 + 7)) + (11 + 1 - -3)
13
Calculate -16 + -3 - (10 + -13 + 15 - 0).
-31
Calculate 2 + -4 - (-5 + (9 - -3) + -10).
1
What is the value of 5 - (-13 - -25) - -5?
-2
(-1 - 17) + (-99 - -116)
-1
What is -50 + 7 + 5 + 27?
-11
What is 1 - ((3 - (-4 + 4)) + (-5 - 0))?
3
Evaluate 13 - (-101 + 91 + 2 + 13).
8
Evaluate 2 + -1 - (-6